prime factors of r(-2).
13
Let n(f) = f**2 - f + 14. Let b be 0/(1/((-1)/(-2))). Let t be n(b). Let m = -9 + t. What are the prime factors of m?
5
Let c(f) = f**2 + 2*f - 2. Let w be c(-6). Let o(b) = 12*b**3 + b + 1. Let y be o(-1). Let x = w + y. List the prime factors of x.
2, 5
List the prime factors of -1*(6/3 - 33).
31
Suppose 5*b = b + 16. Suppose -b*m = -115 - 49. What are the prime factors of m?
41
List the prime factors of ((-9)/(90/8))/(1/(-130)).
2, 13
Let l(r) = r**2 - r + 4. Let h = 2 - -2. Suppose -h*p = -0*q - 5*q + 40, 3*q - p = 17. What are the prime factors of l(q)?
2
Suppose 0 = -3*q + 7*q - 84. List the prime factors of q.
3, 7
Suppose 4*g + 4*i = 16, 0*g - 3*i = 4*g - 19. Let q = -5 + g. Suppose f + q*f = 24. What are the prime factors of f?
2
Let p(v) = v**3 + 5*v**2 + 2*v - 2. Let x be p(-3). Suppose -h = -2 - x. What are the prime factors of h?
2, 3
Suppose 4*l - 4 = 3*l. Suppose 48 = 3*o - l*o + 3*r, 3*o + 158 = 2*r. List the prime factors of o/(-5) - 6/(-30).
11
Suppose 2*r + 2*r - 296 = 0. Suppose -3*j + r = -j. Suppose 4*p - j - 15 = 0. What are the prime factors of p?
13
Let t = -55 + 98. List the prime factors of t.
43
Let t = -51 + 72. What are the prime factors of t?
3, 7
Let l(g) = 20*g + 3. Let n(c) = -7*c - 1. Let j(d) = -6*l(d) - 17*n(d). What are the prime factors of j(-14)?
13
Suppose 5*s = 90 + 100. List the prime factors of s.
2, 19
Let f be (-20)/(-8)*(-162)/(-3). Suppose -5*n + 0*n - f = -5*h, 4*n = -3*h + 53. What are the prime factors of h?
23
Suppose -3*d + 208 = 4*g, 5*d + 4*g - 143 = 209. List the prime factors of d.
2, 3
Suppose 0*x = 5*x - 15. Suppose -14 = -x*b - 2. What are the prime factors of b?
2
Let a be -16 + (1 - (-2 + 6)). Let h = a + 27. List the prime factors of h.
2
Let y(c) = -2*c - 3. Let w be y(8). Let q = w - -31. List the prime factors of q.
2, 3
Suppose 10*m = 921 + 1749. List the prime factors of m.
3, 89
Let v(y) = 24*y**2. Let q be v(1). Let b(m) = -2*m**3 + 2*m**2 - 4*m + 2. Let x be b(2). Let l = q + x. What are the prime factors of l?
2, 5
Let i = 3 + 1. Suppose -i*a = -6 - 6. Suppose -22 = -2*n + 2*k, -n - k = -a*k - 15. What are the prime factors of n?
7
Let j = 149 - 79. List the prime factors of j.
2, 5, 7
Suppose 3*h - z = 76, 2*h + 4*z - 32 = -0*z. Suppose -4*r - 4 = -h. Let f(p) = p**2 - 4*p - 1. What are the prime factors of f(r)?
2
Let z = -3 + 8. Suppose -6 + 2 = 4*k, -a = -z*k - 10. Suppose 3*h - 59 = -a. What are the prime factors of h?
2, 3
Suppose 3*d - 4*g - 452 = -d, -5*d - 2*g + 558 = 0. What are the prime factors of d?
2, 7
List the prime factors of 77/1*(7 + -6).
7, 11
Suppose -152 = -3*g + 5*v - 0*v, 5*v = g - 64. List the prime factors of g.
2, 11
Suppose 397 = 2*r + p, 6*r - 5*p = 5*r + 182. What are the prime factors of r?
197
Suppose z - 28 = -z. Let h = z + -9. What are the prime factors of h?
5
Let n = 14 - 9. List the prime factors of n.
5
Suppose 0 = 5*g + 3*c + 14, 0*g - 3*c = g + 10. What are the prime factors of 1 + 0 - (-8 - g)?
2
Let h(g) = -2*g + 4. Suppose -v = 4*v - 10. Suppose 4*b = 3*z + v*z + 36, z + b = 0. List the prime factors of h(z).
2, 3
Let g = 324 + -205. Suppose -2*r + 0*z + 91 = z, 3*r + 5*z - g = 0. What are the prime factors of r?
2, 3
List the prime factors of (0 - -1652)/7*(-2)/(-4).
2, 59
Let v(n) = n**2 - 6*n - 7. Let y be v(7). Suppose y = -5*j + 46 + 4. List the prime factors of j.
2, 5
Suppose 0 = -4*c - m + 32, 0*m + 8 = c - 2*m. Let f = -6 + c. Suppose f*r + 0*x = -4*x + 12, 3*x - 5 = -r. List the prime factors of r.
2
List the prime factors of 6/6 + 4 - -156.
7, 23
Suppose 21 = 3*l - 0*l. Let x(g) = -g**2 + 11*g - 10. Let o be x(l). Suppose -o = -4*n + 2. List the prime factors of n.
5
Let k(t) = -2*t + 1. Let l be k(0). List the prime factors of (-8 + 7)*-29*l.
29
Let r(j) = j**2 - 2*j + 6. What are the prime factors of r(-8)?
2, 43
Suppose 15 - 5 = 2*m. Suppose z - 19 = -m. List the prime factors of z.
2, 7
Let x be 2/(-12) + 364/24. Suppose -29 - x = -2*h. What are the prime factors of h?
2, 11
Let z = -2 - 4. Let h be (-2)/7 + 68/(-7). List the prime factors of (4/z)/(h/45).
3
Let b be (-3 + -9)*15/(-2). Suppose -2*s = -5*x + 90, 4*s - s + b = 5*x. What are the prime factors of x?
2, 3
Let y(r) = -r**3 - 4*r**2 + 3*r. Suppose 3*s - 2*s + 5 = 0. What are the prime factors of y(s)?
2, 5
Let w = 12 - -86. List the prime factors of w.
2, 7
Let s = 9 - 13. Let l = s + 26. List the prime factors of l.
2, 11
Suppose 6*q - 9*q + 2*b = -143, -3*q - 2*b + 139 = 0. List the prime factors of q.
47
Suppose -30 = 2*u - 7*u. Suppose u*o - 54 = -0*o. What are the prime factors of o?
3
Let a(q) = -16*q + 6 + 4 + 15*q. What are the prime factors of a(8)?
2
Let q(s) = 9*s**2 + 14*s - 65. List the prime factors of q(6).
7
Let x(i) = -i**3 - 7*i**2 + 8*i + 10. Let u be x(-8). Let j = u - 6. Suppose -5 = -j*s + 3*s. What are the prime factors of s?
5
Suppose -6*z - 106 = -7*z. List the prime factors of z.
2, 53
Let j(k) = k**3 - 7*k**2 + 8*k + 1. Let d be j(6). Suppose 0 = 2*a - d - 11. List the prime factors of a.
2, 3
Let u(i) = -2*i + 4. Let m be u(-3). Let z(x) = x + 2. Let r(j) = j + 2. Let v(n) = -3*r(n) + 4*z(n). What are the prime factors of v(m)?
2, 3
Let x(g) = g**2 - 4*g - 1. List the prime factors of x(9).
2, 11
Let w be 0 + -2 + 0 + 4. Let r = 1 - w. What are the prime factors of 3*(r - (-14)/6)?
2
Let q(i) = 2*i**2 - 4*i. List the prime factors of q(-3).
2, 3, 5
Suppose -3*o - 110 + 29 = 0. Let k = 49 + o. What are the prime factors of k?
2, 11
Let o = -9 + 9. Suppose -2*g + 7 + 17 = o. What are the prime factors of g?
2, 3
Suppose -7 = -l - p, 3*l + 4*p = -0*l + 24. Suppose l*z - 5 = 47. List the prime factors of z.
13
Suppose -4*y = -0*y - 152. List the prime factors of y.
2, 19
Let v(s) = s**2 + 4*s + 3. Let p be v(-3). Let d(j) = -j**3 - 5*j**2 - 4*j - 7. Let m be d(-5). Suppose -k + 2*k - m = p. List the prime factors of k.
13
Suppose 2*n + 3*l = 8*l - 78, 2*l = -4*n - 180. Let g = 76 + n. What are the prime factors of g?
2
Let g = -251 + 612. What are the prime factors of g?
19
Let l = 2 - -4. Suppose -l - 1 = -c. List the prime factors of c.
7
Let n = -5 + 3. Let z be 2*n/2*-1. Let p = z - -5. List the prime factors of p.
7
Let k(n) be the second derivative of 0 - n - 1/2*n**2 + 13/12*n**4 + 0*n**3. List the prime factors of k(1).
2, 3
Let p = -1 + 3. Suppose 2*v - 1 = -3*q + 2, -4*v = 2*q - p. What are the prime factors of (5 + -3)*q/1?
2
List the prime factors of (-3 - -2)*1/(-1) + 68.
3, 23
Let q(i) = 2*i**2 - 4*i - 2. Suppose 0 = 4*v - u - 9 - 8, -2*v + u + 7 = 0. What are the prime factors of q(v)?
2, 7
Let t(s) = 8*s**2 - 6*s**2 + 2 + s - s**2. What are the prime factors of t(-6)?
2
Let d(z) = -z**2 - 10*z + 3. Suppose -t - y = 9, -t - 4*y = -3*t - 24. List the prime factors of d(t).
3
Let g(z) = -5*z. Let c(t) = -19*t - 1. Let x(d) = 6*c(d) - 22*g(d). What are the prime factors of x(-4)?
2, 5
Let y(v) = -v - 4. Let x be y(-5). Suppose -2*c + x = -3. Suppose 0 = c*j + 4 - 18. What are the prime factors of j?
7
Let x(n) = n**2 - 2*n + 3. Let r be x(2). Suppose 6*d - 27 = r*d. Suppose -d - 3 = -4*z. What are the prime factors of z?
3
Let l(s) = -5*s**3 + 2*s**2 - s + 1. Let a(c) = 6*c**3 - c**2 + c - 1. Let y(g) = -4*a(g) - 5*l(g). What are the prime factors of y(6)?
5
Let s be (-1 - -4)/(12/8). Suppose -2*f + 24 = s*f. List the prime factors of f/8 - (-13)/4.
2
List the prime factors of (-1)/4 + 45/4.
11
Let b = 2 - -1. Suppose 3*d + 0*p - 9 = b*p, -3*d + 5 = -5*p. What are the prime factors of d?
5
Let c = -72 + 49. Let o = -12 - c. List the prime factors of o.
11
Let p = 224 + -70. List the prime factors of p.
2, 7, 11
Let v be 3 - (3 + -1*21). Suppose 5*a - f - v = 0, -2*a + 3*f + 13 = -2*f. What are the prime factors of a?
2
Let j = -154 - -212. What are the prime factors of j?
2, 29
Let j = -4 - -3. Let f be 1/(1/(j - -2)). What are the prime factors of 22/2*(f - 0)?
11
Let h(n) = -5*n**3 - 6*n**2 + n - 9. Let z(q) = -9*q**3 - 12*q**2 + 2*q - 17. Let l(b) = 11*h(b) - 6*z(b). List the prime factors of l(5).
23
Let p(n) = 2*n - 3. List the prime factors of p(6).
3
Suppose 2*x - 5*c = 31, 3*x + c - 3*c - 63 = 0. What are the prime factors of x?
23
Let a = 18 + -23. Let n(w) = -1 + 5*w + w**3 + 8*